{"id":162,"date":"2020-08-19T06:19:39","date_gmt":"2020-08-19T03:19:39","guid":{"rendered":"https:\/\/kocaksesuar.com\/index.php\/projects\/"},"modified":"2026-01-30T11:09:02","modified_gmt":"2026-01-30T08:09:02","slug":"bayiliklerimiz","status":"publish","type":"page","link":"https:\/\/kocaksesuar.com\/index.php\/bayiliklerimiz\/","title":{"rendered":"Bayiliklerimiz"},"content":{"rendered":"\t\t<div data-elementor-type=\"wp-page\" data-elementor-id=\"162\" class=\"elementor elementor-162\">\n\t\t\t\t\t\t<section class=\"elementor-section elementor-top-section elementor-element elementor-element-dc20e86 elementor-section-boxed elementor-section-height-default elementor-section-height-default wpr-particle-no wpr-jarallax-no wpr-parallax-no wpr-sticky-section-no wpr-equal-height-no\" data-id=\"dc20e86\" data-element_type=\"section\" data-e-type=\"section\" data-settings=\"{&quot;background_background&quot;:&quot;classic&quot;}\">\n\t\t\t\t\t\t\t<div class=\"elementor-background-overlay\"><\/div>\n\t\t\t\t\t\t\t<div class=\"elementor-container elementor-column-gap-no\">\n\t\t\t\t\t<div class=\"elementor-column elementor-col-100 elementor-top-column elementor-element elementor-element-6c4b465\" data-id=\"6c4b465\" data-element_type=\"column\" data-e-type=\"column\">\n\t\t\t<div class=\"elementor-widget-wrap elementor-element-populated\">\n\t\t\t\t\t\t<div class=\"elementor-element elementor-element-74cd338 elementor-widget elementor-widget-heading\" data-id=\"74cd338\" data-element_type=\"widget\" data-e-type=\"widget\" data-widget_type=\"heading.default\">\n\t\t\t\t<div class=\"elementor-widget-container\">\n\t\t\t\t\t<h1 class=\"elementor-heading-title elementor-size-default\">Bayiliklerimiz<\/h1>\t\t\t\t<\/div>\n\t\t\t\t<\/div>\n\t\t\t\t<div class=\"elementor-element elementor-element-212c807 elementor-widget elementor-widget-text-editor\" data-id=\"212c807\" data-element_type=\"widget\" data-e-type=\"widget\" data-widget_type=\"text-editor.default\">\n\t\t\t\t<div class=\"elementor-widget-container\">\n\t\t\t\t\t\t\t\t\t<p>&#8230;<\/p>\t\t\t\t\t\t\t\t<\/div>\n\t\t\t\t<\/div>\n\t\t\t\t\t<\/div>\n\t\t<\/div>\n\t\t\t\t\t<\/div>\n\t\t<\/section>\n\t\t\t\t<section class=\"elementor-section elementor-top-section elementor-element elementor-element-b72af5c elementor-section-boxed elementor-section-height-default elementor-section-height-default wpr-particle-no wpr-jarallax-no wpr-parallax-no wpr-sticky-section-no wpr-equal-height-no\" data-id=\"b72af5c\" data-element_type=\"section\" data-e-type=\"section\" data-settings=\"{&quot;background_background&quot;:&quot;gradient&quot;}\">\n\t\t\t\t\t\t<div class=\"elementor-container elementor-column-gap-no\">\n\t\t\t\t\t<div class=\"elementor-column elementor-col-100 elementor-top-column elementor-element elementor-element-1ffc931\" data-id=\"1ffc931\" data-element_type=\"column\" data-e-type=\"column\">\n\t\t\t<div class=\"elementor-widget-wrap elementor-element-populated\">\n\t\t\t\t\t\t<section class=\"elementor-section elementor-inner-section elementor-element elementor-element-32618f3 elementor-section-boxed elementor-section-height-default elementor-section-height-default wpr-particle-no wpr-jarallax-no wpr-parallax-no wpr-sticky-section-no wpr-equal-height-no\" data-id=\"32618f3\" data-element_type=\"section\" data-e-type=\"section\">\n\t\t\t\t\t\t<div class=\"elementor-container elementor-column-gap-no\">\n\t\t\t\t\t<div class=\"elementor-column elementor-col-50 elementor-inner-column elementor-element elementor-element-1291223\" data-id=\"1291223\" data-element_type=\"column\" data-e-type=\"column\">\n\t\t\t<div class=\"elementor-widget-wrap elementor-element-populated\">\n\t\t\t\t\t\t<div class=\"elementor-element elementor-element-ba8aed1 elementor-widget elementor-widget-heading\" data-id=\"ba8aed1\" data-element_type=\"widget\" data-e-type=\"widget\" data-widget_type=\"heading.default\">\n\t\t\t\t<div class=\"elementor-widget-container\">\n\t\t\t\t\t<h2 class=\"elementor-heading-title elementor-size-default\">Ko\u00e7 PVC Aksesuarlar\u0131 Size Kalite Sunar...\n<\/h2>\t\t\t\t<\/div>\n\t\t\t\t<\/div>\n\t\t\t\t<div class=\"elementor-element elementor-element-5a7ff26 elementor-icon-list--layout-traditional elementor-list-item-link-full_width elementor-widget elementor-widget-icon-list\" data-id=\"5a7ff26\" data-element_type=\"widget\" data-e-type=\"widget\" data-widget_type=\"icon-list.default\">\n\t\t\t\t<div class=\"elementor-widget-container\">\n\t\t\t\t\t\t\t<ul class=\"elementor-icon-list-items\">\n\t\t\t\t\t\t\t<li class=\"elementor-icon-list-item\">\n\t\t\t\t\t\t\t\t\t\t\t<span class=\"elementor-icon-list-icon\">\n\t\t\t\t\t\t\t<svg aria-hidden=\"true\" class=\"e-font-icon-svg e-fas-quote-left\" viewBox=\"0 0 512 512\" xmlns=\"http:\/\/www.w3.org\/2000\/svg\"><path d=\"M464 256h-80v-64c0-35.3 28.7-64 64-64h8c13.3 0 24-10.7 24-24V56c0-13.3-10.7-24-24-24h-8c-88.4 0-160 71.6-160 160v240c0 26.5 21.5 48 48 48h128c26.5 0 48-21.5 48-48V304c0-26.5-21.5-48-48-48zm-288 0H96v-64c0-35.3 28.7-64 64-64h8c13.3 0 24-10.7 24-24V56c0-13.3-10.7-24-24-24h-8C71.6 32 0 103.6 0 192v240c0 26.5 21.5 48 48 48h128c26.5 0 48-21.5 48-48V304c0-26.5-21.5-48-48-48z\"><\/path><\/svg>\t\t\t\t\t\t<\/span>\n\t\t\t\t\t\t\t\t\t\t<span class=\"elementor-icon-list-text\">D\u00fcr\u00fcstl\u00fck, g\u00fcvenilirlik, m\u00fc\u015fteri memnuniyeti ilkeleri ile siz de\u011ferli m\u00fc\u015fterilerimize uzun y\u0131llar hizmet etmek en b\u00fcy\u00fck hedefimizdir.<\/span>\n\t\t\t\t\t\t\t\t\t<\/li>\n\t\t\t\t\t\t<\/ul>\n\t\t\t\t\t\t<\/div>\n\t\t\t\t<\/div>\n\t\t\t\t\t<\/div>\n\t\t<\/div>\n\t\t\t\t<div class=\"elementor-column elementor-col-50 elementor-inner-column elementor-element elementor-element-3e6ad22\" data-id=\"3e6ad22\" data-element_type=\"column\" data-e-type=\"column\">\n\t\t\t<div class=\"elementor-widget-wrap elementor-element-populated\">\n\t\t\t\t\t\t<div class=\"elementor-element elementor-element-1bead3a elementor-widget__width-initial elementor-widget elementor-widget-image\" data-id=\"1bead3a\" data-element_type=\"widget\" data-e-type=\"widget\" data-widget_type=\"image.default\">\n\t\t\t\t<div class=\"elementor-widget-container\">\n\t\t\t\t\t\t\t\t\t\t\t\t\t\t\t<img fetchpriority=\"high\" decoding=\"async\" width=\"816\" height=\"228\" src=\"https:\/\/kocaksesuar.com\/wp-content\/uploads\/2023\/03\/logo-yatay-253x71.png\" class=\"attachment-full size-full wp-image-455\" alt=\"\" srcset=\"https:\/\/kocaksesuar.com\/wp-content\/uploads\/2023\/03\/logo-yatay.png 816w, https:\/\/kocaksesuar.com\/wp-content\/uploads\/2023\/03\/logo-yatay-300x84.png 300w, https:\/\/kocaksesuar.com\/wp-content\/uploads\/2023\/03\/logo-yatay-768x215.png 768w, https:\/\/kocaksesuar.com\/wp-content\/uploads\/2023\/03\/logo-yatay-253x71.png 253w\" sizes=\"(max-width: 816px) 100vw, 816px\" \/>\t\t\t\t\t\t\t\t\t\t\t\t\t\t\t<\/div>\n\t\t\t\t<\/div>\n\t\t\t\t\t<\/div>\n\t\t<\/div>\n\t\t\t\t\t<\/div>\n\t\t<\/section>\n\t\t\t\t<div class=\"elementor-element elementor-element-76bb328 elementor-widget elementor-widget-image\" data-id=\"76bb328\" data-element_type=\"widget\" data-e-type=\"widget\" data-widget_type=\"image.default\">\n\t\t\t\t<div class=\"elementor-widget-container\">\n\t\t\t\t\t\t\t\t\t\t\t\t\t\t\t<img decoding=\"async\" width=\"1280\" height=\"853\" src=\"https:\/\/kocaksesuar.com\/wp-content\/uploads\/2023\/05\/window-door-wall-5012239.png\" class=\"attachment-full size-full wp-image-682\" alt=\"window, door, wall-5012239.jpg\" srcset=\"https:\/\/kocaksesuar.com\/wp-content\/uploads\/2023\/05\/window-door-wall-5012239.png 1280w, https:\/\/kocaksesuar.com\/wp-content\/uploads\/2023\/05\/window-door-wall-5012239-600x400.png 600w, https:\/\/kocaksesuar.com\/wp-content\/uploads\/2023\/05\/window-door-wall-5012239-300x200.png 300w, https:\/\/kocaksesuar.com\/wp-content\/uploads\/2023\/05\/window-door-wall-5012239-1024x682.png 1024w, https:\/\/kocaksesuar.com\/wp-content\/uploads\/2023\/05\/window-door-wall-5012239-768x512.png 768w\" sizes=\"(max-width: 1280px) 100vw, 1280px\" \/>\t\t\t\t\t\t\t\t\t\t\t\t\t\t\t<\/div>\n\t\t\t\t<\/div>\n\t\t\t\t<section class=\"elementor-section elementor-inner-section elementor-element elementor-element-6525a69 elementor-section-content-bottom elementor-section-boxed elementor-section-height-default elementor-section-height-default wpr-particle-no wpr-jarallax-no wpr-parallax-no wpr-sticky-section-no wpr-equal-height-no\" data-id=\"6525a69\" data-element_type=\"section\" data-e-type=\"section\" data-settings=\"{&quot;background_background&quot;:&quot;classic&quot;}\">\n\t\t\t\t\t\t<div class=\"elementor-container elementor-column-gap-no\">\n\t\t\t\t\t<div class=\"elementor-column elementor-col-66 elementor-inner-column elementor-element elementor-element-6513d9e\" data-id=\"6513d9e\" data-element_type=\"column\" data-e-type=\"column\">\n\t\t\t<div class=\"elementor-widget-wrap elementor-element-populated\">\n\t\t\t\t\t\t<div class=\"elementor-element elementor-element-3bf17b2 elementor-view-default elementor-widget elementor-widget-icon\" data-id=\"3bf17b2\" data-element_type=\"widget\" data-e-type=\"widget\" data-widget_type=\"icon.default\">\n\t\t\t\t<div class=\"elementor-widget-container\">\n\t\t\t\t\t\t\t<div class=\"elementor-icon-wrapper\">\n\t\t\t<div class=\"elementor-icon\">\n\t\t\t<svg aria-hidden=\"true\" class=\"e-font-icon-svg e-fas-quote-left\" viewBox=\"0 0 512 512\" xmlns=\"http:\/\/www.w3.org\/2000\/svg\"><path d=\"M464 256h-80v-64c0-35.3 28.7-64 64-64h8c13.3 0 24-10.7 24-24V56c0-13.3-10.7-24-24-24h-8c-88.4 0-160 71.6-160 160v240c0 26.5 21.5 48 48 48h128c26.5 0 48-21.5 48-48V304c0-26.5-21.5-48-48-48zm-288 0H96v-64c0-35.3 28.7-64 64-64h8c13.3 0 24-10.7 24-24V56c0-13.3-10.7-24-24-24h-8C71.6 32 0 103.6 0 192v240c0 26.5 21.5 48 48 48h128c26.5 0 48-21.5 48-48V304c0-26.5-21.5-48-48-48z\"><\/path><\/svg>\t\t\t<\/div>\n\t\t<\/div>\n\t\t\t\t\t\t<\/div>\n\t\t\t\t<\/div>\n\t\t\t\t<div class=\"elementor-element elementor-element-da345d0 elementor-widget elementor-widget-testimonial\" data-id=\"da345d0\" data-element_type=\"widget\" data-e-type=\"widget\" data-widget_type=\"testimonial.default\">\n\t\t\t\t<div class=\"elementor-widget-container\">\n\t\t\t\t\t\t\t<div class=\"elementor-testimonial-wrapper\">\n\t\t\t\t\t\t\t<div class=\"elementor-testimonial-content\">Kale Kap\u0131 Pencere Aksesuarlar\u0131 Bayii<\/div>\n\t\t\t\n\t\t\t\t\t<\/div>\n\t\t\t\t\t\t<\/div>\n\t\t\t\t<\/div>\n\t\t\t\t\t<\/div>\n\t\t<\/div>\n\t\t\t\t<div class=\"elementor-column elementor-col-33 elementor-inner-column elementor-element elementor-element-0629735\" data-id=\"0629735\" data-element_type=\"column\" data-e-type=\"column\">\n\t\t\t<div class=\"elementor-widget-wrap elementor-element-populated\">\n\t\t\t\t\t\t<div class=\"elementor-element elementor-element-9468678 elementor-widget elementor-widget-image\" data-id=\"9468678\" data-element_type=\"widget\" data-e-type=\"widget\" data-widget_type=\"image.default\">\n\t\t\t\t<div class=\"elementor-widget-container\">\n\t\t\t\t\t\t\t\t\t\t\t\t\t\t\t<img decoding=\"async\" width=\"745\" height=\"492\" src=\"https:\/\/kocaksesuar.com\/wp-content\/uploads\/2023\/04\/Kale-e1683965973423.jpg\" class=\"attachment-full size-full wp-image-593\" alt=\"\" srcset=\"https:\/\/kocaksesuar.com\/wp-content\/uploads\/2023\/04\/Kale-e1683965973423.jpg 745w, https:\/\/kocaksesuar.com\/wp-content\/uploads\/2023\/04\/Kale-e1683965973423-600x396.jpg 600w, https:\/\/kocaksesuar.com\/wp-content\/uploads\/2023\/04\/Kale-e1683965973423-300x198.jpg 300w\" sizes=\"(max-width: 745px) 100vw, 745px\" \/>\t\t\t\t\t\t\t\t\t\t\t\t\t\t\t<\/div>\n\t\t\t\t<\/div>\n\t\t\t\t\t<\/div>\n\t\t<\/div>\n\t\t\t\t\t<\/div>\n\t\t<\/section>\n\t\t\t\t\t<\/div>\n\t\t<\/div>\n\t\t\t\t\t<\/div>\n\t\t<\/section>\n\t\t\t\t<section class=\"elementor-section elementor-top-section elementor-element elementor-element-4315c1d elementor-section-boxed elementor-section-height-default elementor-section-height-default wpr-particle-no wpr-jarallax-no wpr-parallax-no wpr-sticky-section-no wpr-equal-height-no\" data-id=\"4315c1d\" data-element_type=\"section\" data-e-type=\"section\">\n\t\t\t\t\t\t<div class=\"elementor-container elementor-column-gap-default\">\n\t\t\t\t\t<div class=\"elementor-column elementor-col-100 elementor-top-column elementor-element elementor-element-b1061fb\" data-id=\"b1061fb\" data-element_type=\"column\" data-e-type=\"column\">\n\t\t\t<div class=\"elementor-widget-wrap elementor-element-populated\">\n\t\t\t\t\t\t<div class=\"elementor-element elementor-element-9d1176d gallery-spacing-custom elementor-widget elementor-widget-image-gallery\" data-id=\"9d1176d\" data-element_type=\"widget\" data-e-type=\"widget\" data-widget_type=\"image-gallery.default\">\n\t\t\t\t<div class=\"elementor-widget-container\">\n\t\t\t\t\t\t\t<div class=\"elementor-image-gallery\">\n\t\t\t<div id='gallery-1' class='gallery galleryid-162 gallery-columns-4 gallery-size-medium_large'><figure class='gallery-item'>\n\t\t\t<div class='gallery-icon landscape'>\n\t\t\t\t<img loading=\"lazy\" decoding=\"async\" width=\"768\" height=\"331\" src=\"https:\/\/kocaksesuar.com\/wp-content\/uploads\/2023\/04\/Soudal-e1683966006632-768x331.jpg\" class=\"attachment-medium_large size-medium_large\" alt=\"\" srcset=\"https:\/\/kocaksesuar.com\/wp-content\/uploads\/2023\/04\/Soudal-e1683966006632-768x331.jpg 768w, https:\/\/kocaksesuar.com\/wp-content\/uploads\/2023\/04\/Soudal-e1683966006632-600x259.jpg 600w, https:\/\/kocaksesuar.com\/wp-content\/uploads\/2023\/04\/Soudal-e1683966006632-300x129.jpg 300w, https:\/\/kocaksesuar.com\/wp-content\/uploads\/2023\/04\/Soudal-e1683966006632.jpg 840w\" sizes=\"(max-width: 768px) 100vw, 768px\" \/>\n\t\t\t<\/div><\/figure><figure class='gallery-item'>\n\t\t\t<div class='gallery-icon landscape'>\n\t\t\t\t<img loading=\"lazy\" decoding=\"async\" width=\"276\" height=\"154\" src=\"https:\/\/kocaksesuar.com\/wp-content\/uploads\/2023\/04\/UK-e1683223205889.jpeg\" class=\"attachment-medium_large size-medium_large\" alt=\"\" \/>\n\t\t\t<\/div><\/figure><figure class='gallery-item'>\n\t\t\t<div class='gallery-icon landscape'>\n\t\t\t\t<img loading=\"lazy\" decoding=\"async\" width=\"768\" height=\"412\" src=\"https:\/\/kocaksesuar.com\/wp-content\/uploads\/2023\/04\/STD-e1683966073300-768x412.jpg\" class=\"attachment-medium_large size-medium_large\" alt=\"\" srcset=\"https:\/\/kocaksesuar.com\/wp-content\/uploads\/2023\/04\/STD-e1683966073300-768x412.jpg 768w, https:\/\/kocaksesuar.com\/wp-content\/uploads\/2023\/04\/STD-e1683966073300-600x322.jpg 600w, https:\/\/kocaksesuar.com\/wp-content\/uploads\/2023\/04\/STD-e1683966073300-300x161.jpg 300w, https:\/\/kocaksesuar.com\/wp-content\/uploads\/2023\/04\/STD-e1683966073300.jpg 795w\" sizes=\"(max-width: 768px) 100vw, 768px\" \/>\n\t\t\t<\/div><\/figure><figure class='gallery-item'>\n\t\t\t<div class='gallery-icon landscape'>\n\t\t\t\t<img loading=\"lazy\" decoding=\"async\" width=\"172\" height=\"148\" src=\"https:\/\/kocaksesuar.com\/wp-content\/uploads\/2023\/04\/bautech-e1683966114616.png\" class=\"attachment-medium_large size-medium_large\" alt=\"\" \/>\n\t\t\t<\/div><\/figure><figure class='gallery-item'>\n\t\t\t<div class='gallery-icon landscape'>\n\t\t\t\t<img loading=\"lazy\" decoding=\"async\" width=\"167\" height=\"99\" src=\"https:\/\/kocaksesuar.com\/wp-content\/uploads\/2023\/04\/abc-e1683966090225.png\" class=\"attachment-medium_large size-medium_large\" alt=\"\" \/>\n\t\t\t<\/div><\/figure><figure class='gallery-item'>\n\t\t\t<div class='gallery-icon landscape'>\n\t\t\t\t<img loading=\"lazy\" decoding=\"async\" width=\"146\" height=\"66\" src=\"https:\/\/kocaksesuar.com\/wp-content\/uploads\/2023\/04\/akpen-e1683966160993.png\" class=\"attachment-medium_large size-medium_large\" alt=\"\" \/>\n\t\t\t<\/div><\/figure><figure class='gallery-item'>\n\t\t\t<div class='gallery-icon landscape'>\n\t\t\t\t<img loading=\"lazy\" decoding=\"async\" width=\"768\" height=\"175\" src=\"https:\/\/kocaksesuar.com\/wp-content\/uploads\/2023\/04\/windoform-768x175.png\" class=\"attachment-medium_large size-medium_large\" alt=\"\" srcset=\"https:\/\/kocaksesuar.com\/wp-content\/uploads\/2023\/04\/windoform-768x175.png 768w, https:\/\/kocaksesuar.com\/wp-content\/uploads\/2023\/04\/windoform-600x137.png 600w, https:\/\/kocaksesuar.com\/wp-content\/uploads\/2023\/04\/windoform-300x68.png 300w, https:\/\/kocaksesuar.com\/wp-content\/uploads\/2023\/04\/windoform-1024x233.png 1024w, https:\/\/kocaksesuar.com\/wp-content\/uploads\/2023\/04\/windoform.png 1181w\" sizes=\"(max-width: 768px) 100vw, 768px\" \/>\n\t\t\t<\/div><\/figure><figure class='gallery-item'>\n\t\t\t<div class='gallery-icon landscape'>\n\t\t\t\t<img loading=\"lazy\" decoding=\"async\" width=\"768\" height=\"121\" src=\"https:\/\/kocaksesuar.com\/wp-content\/uploads\/2023\/04\/Karbosan-e1683966035270-768x121.jpg\" class=\"attachment-medium_large size-medium_large\" alt=\"\" srcset=\"https:\/\/kocaksesuar.com\/wp-content\/uploads\/2023\/04\/Karbosan-e1683966035270-768x121.jpg 768w, https:\/\/kocaksesuar.com\/wp-content\/uploads\/2023\/04\/Karbosan-e1683966035270-600x94.jpg 600w, https:\/\/kocaksesuar.com\/wp-content\/uploads\/2023\/04\/Karbosan-e1683966035270-300x47.jpg 300w, https:\/\/kocaksesuar.com\/wp-content\/uploads\/2023\/04\/Karbosan-e1683966035270.jpg 955w\" sizes=\"(max-width: 768px) 100vw, 768px\" \/>\n\t\t\t<\/div><\/figure><figure class='gallery-item'>\n\t\t\t<div class='gallery-icon landscape'>\n\t\t\t\t<img loading=\"lazy\" decoding=\"async\" width=\"140\" height=\"105\" src=\"https:\/\/kocaksesuar.com\/wp-content\/uploads\/2023\/04\/gu-e1683966198340.png\" class=\"attachment-medium_large size-medium_large\" alt=\"\" \/>\n\t\t\t<\/div><\/figure><figure class='gallery-item'>\n\t\t\t<div class='gallery-icon landscape'>\n\t\t\t\t<img loading=\"lazy\" decoding=\"async\" width=\"768\" height=\"107\" src=\"https:\/\/kocaksesuar.com\/wp-content\/uploads\/2023\/04\/afc-barel-logolar-768x107.jpg\" class=\"attachment-medium_large size-medium_large\" alt=\"\" srcset=\"https:\/\/kocaksesuar.com\/wp-content\/uploads\/2023\/04\/afc-barel-logolar-768x107.jpg 768w, https:\/\/kocaksesuar.com\/wp-content\/uploads\/2023\/04\/afc-barel-logolar-1024x143.jpg 1024w, https:\/\/kocaksesuar.com\/wp-content\/uploads\/2023\/04\/afc-barel-logolar-600x84.jpg 600w\" sizes=\"(max-width: 768px) 100vw, 768px\" \/>\n\t\t\t<\/div><\/figure><figure class='gallery-item'>\n\t\t\t<div class='gallery-icon landscape'>\n\t\t\t\t<img loading=\"lazy\" decoding=\"async\" width=\"292\" height=\"120\" src=\"https:\/\/kocaksesuar.com\/wp-content\/uploads\/2023\/04\/roto.png\" class=\"attachment-medium_large size-medium_large\" alt=\"\" \/>\n\t\t\t<\/div><\/figure><figure class='gallery-item'>\n\t\t\t<div class='gallery-icon landscape'>\n\t\t\t\t<img loading=\"lazy\" decoding=\"async\" width=\"235\" height=\"135\" src=\"https:\/\/kocaksesuar.com\/wp-content\/uploads\/2023\/04\/work-e1683966264564.jpeg\" class=\"attachment-medium_large size-medium_large\" alt=\"\" \/>\n\t\t\t<\/div><\/figure><figure class='gallery-item'>\n\t\t\t<div class='gallery-icon landscape'>\n\t\t\t\t<img loading=\"lazy\" decoding=\"async\" width=\"436\" height=\"116\" src=\"https:\/\/kocaksesuar.com\/wp-content\/uploads\/2023\/04\/haksan.png\" class=\"attachment-medium_large size-medium_large\" alt=\"\" srcset=\"https:\/\/kocaksesuar.com\/wp-content\/uploads\/2023\/04\/haksan.png 436w, https:\/\/kocaksesuar.com\/wp-content\/uploads\/2023\/04\/haksan-300x80.png 300w\" sizes=\"(max-width: 436px) 100vw, 436px\" \/>\n\t\t\t<\/div><\/figure><figure class='gallery-item'>\n\t\t\t<div class='gallery-icon landscape'>\n\t\t\t\t<img loading=\"lazy\" decoding=\"async\" width=\"270\" height=\"105\" src=\"https:\/\/kocaksesuar.com\/wp-content\/uploads\/2023\/04\/dolphin-e1683966293201.jpeg\" class=\"attachment-medium_large size-medium_large\" alt=\"\" \/>\n\t\t\t<\/div><\/figure><figure class='gallery-item'>\n\t\t\t<div class='gallery-icon landscape'>\n\t\t\t\t<img loading=\"lazy\" decoding=\"async\" width=\"354\" height=\"110\" src=\"https:\/\/kocaksesuar.com\/wp-content\/uploads\/2023\/04\/process-e1683966319947.png\" class=\"attachment-medium_large size-medium_large\" alt=\"\" srcset=\"https:\/\/kocaksesuar.com\/wp-content\/uploads\/2023\/04\/process-e1683966319947.png 354w, https:\/\/kocaksesuar.com\/wp-content\/uploads\/2023\/04\/process-e1683966319947-300x93.png 300w\" sizes=\"(max-width: 354px) 100vw, 354px\" \/>\n\t\t\t<\/div><\/figure>\n\t\t<\/div>\n\t\t<\/div>\n\t\t\t\t\t\t<\/div>\n\t\t\t\t<\/div>\n\t\t\t\t\t<\/div>\n\t\t<\/div>\n\t\t\t\t\t<\/div>\n\t\t<\/section>\n\t\t\t\t<\/div>\n\t\t","protected":false},"excerpt":{"rendered":"<p>Bayiliklerimiz &#8230; Ko\u00e7 PVC Aksesuarlar\u0131 Size Kalite Sunar&#8230; D\u00fcr\u00fcstl\u00fck, g\u00fcvenilirlik, m\u00fc\u015fteri memnuniyeti ilkeleri ile siz de\u011ferli m\u00fc\u015fterilerimize uzun y\u0131llar hizmet etmek en b\u00fcy\u00fck hedefimizdir. Kale Kap\u0131 Pencere Aksesuarlar\u0131 Bayii<\/p>\n","protected":false},"author":1,"featured_media":0,"parent":0,"menu_order":0,"comment_status":"closed","ping_status":"closed","template":"","meta":{"site-sidebar-layout":"no-sidebar","site-content-layout":"page-builder","ast-global-header-display":"","ast-banner-title-visibility":"","ast-main-header-display":"","ast-hfb-above-header-display":"","ast-hfb-below-header-display":"","ast-hfb-mobile-header-display":"","site-post-title":"disabled","ast-breadcrumbs-content":"","ast-featured-img":"disabled","footer-sml-layout":"","theme-transparent-header-meta":"enabled","adv-header-id-meta":"","stick-header-meta":"","header-above-stick-meta":"","header-main-stick-meta":"","header-below-stick-meta":"","_joinchat":[],"footnotes":""},"class_list":["post-162","page","type-page","status-publish","hentry"],"aioseo_notices":[],"_links":{"self":[{"href":"https:\/\/kocaksesuar.com\/index.php\/wp-json\/wp\/v2\/pages\/162","targetHints":{"allow":["GET"]}}],"collection":[{"href":"https:\/\/kocaksesuar.com\/index.php\/wp-json\/wp\/v2\/pages"}],"about":[{"href":"https:\/\/kocaksesuar.com\/index.php\/wp-json\/wp\/v2\/types\/page"}],"author":[{"embeddable":true,"href":"https:\/\/kocaksesuar.com\/index.php\/wp-json\/wp\/v2\/users\/1"}],"replies":[{"embeddable":true,"href":"https:\/\/kocaksesuar.com\/index.php\/wp-json\/wp\/v2\/comments?post=162"}],"version-history":[{"count":11,"href":"https:\/\/kocaksesuar.com\/index.php\/wp-json\/wp\/v2\/pages\/162\/revisions"}],"predecessor-version":[{"id":928,"href":"https:\/\/kocaksesuar.com\/index.php\/wp-json\/wp\/v2\/pages\/162\/revisions\/928"}],"wp:attachment":[{"href":"https:\/\/kocaksesuar.com\/index.php\/wp-json\/wp\/v2\/media?parent=162"}],"curies":[{"name":"wp","href":"https:\/\/api.w.org\/{rel}","templated":true}]}}